and 100.
50
Let z = 6689 + -6582. What is the highest common factor of 9 and z?
1
Suppose -90 = -220*f + 214*f. Suppose -2*l + 2*g + 230 = 0, -g - 570 = -5*l - f. Calculate the highest common divisor of 10 and l.
10
Suppose 2 = 2*d, -8 = -z - 2*d + 2. Let c = 303 + -211. Let v be 42*(70/455 - c/(-78)). Calculate the highest common factor of v and z.
8
Let f(n) = n**3 + 39*n**2 + 39*n + 42. Let o be f(-38). Suppose 117 = o*t + 53. What is the highest common factor of t and 24?
8
Suppose -72 = 2*f + 6*f. Let a be 1*74 + (8 + -15 - f). Calculate the highest common divisor of 38 and a.
38
Let q be (1 + -72)/(22/22). Let d = -49 - q. Let z(r) = r**2 - 2*r - 1. Let a be z(3). Calculate the greatest common divisor of a and d.
2
Let u = -1 + 33. Let j be ((-4)/10)/(13/260). Let v(d) = 3*d**2 - 10*d - 16. Let b be v(j). Calculate the highest common factor of b and u.
32
Let p be 67966/51 + (2/7 - 60/63). Calculate the highest common divisor of 74 and p.
74
Let r be ((93/15 - 5)/(24/880))/(52/117). Let o = 16 + -10. Calculate the greatest common factor of o and r.
3
Let q be (-74)/(-4) - 1/(-2). Let m be (-10184)/201*5/20*9/(-2). Calculate the highest common factor of m and q.
19
Suppose 8*k - 156*k = -5920. Calculate the highest common factor of k and 12.
4
Let v(q) = 2*q**2 - 49*q - 73. Let o be v(27). Let b(p) = 262*p**2 + 3*p. Let l be b(2). Calculate the greatest common factor of l and o.
62
Suppose 4*v - 6*s + 2*s = 904, -2*v = s - 437. Suppose 0 = -12*i + 31 + v. Calculate the highest common divisor of 84 and i.
21
Suppose -4*x + 159 = -5*y, 4*y = 42*x - 43*x + 24. Calculate the highest common divisor of 1068 and x.
12
Let i be ((-12)/8)/(6/(-28)). Suppose -5*k - 18 = p, 4*p - i - 6 = -3*k. Suppose 0 = -2*j - p + 33. Calculate the highest common factor of 13 and j.
13
Let l(c) = 6*c**2 + 140*c - 990. Let z be l(7). Calculate the greatest common factor of 4402 and z.
142
Let a be 1/(1122/375 + -3). Let q = 139 + a. What is the greatest common divisor of 4 and q?
2
Suppose 28 - 22 = -3*x. Let w be 96/(-60) - x/(-5). Let o be -2 - ((-576)/4 - w). What is the greatest common factor of o and 20?
20
Let d be 18 + 6*(-8)/(-12). Suppose 0 = -5*s - 8 - d. Let g(o) = -14*o - 28. Let b be g(s). What is the greatest common divisor of b and 8?
8
Let o = -65 + 125. Suppose 2*g - 358 = g - 5*z, 0 = -5*g + z + 1686. Suppose 0 = -15*c + g + 262. What is the highest common factor of c and o?
20
Let t(v) = 87*v - 96. Let k be t(4). Suppose 220*x = 211*x + k. Calculate the greatest common factor of x and 112.
28
Let q(z) = 1215*z - 8780. Let j be q(14). What is the greatest common divisor of j and 30?
10
Suppose -d - 71 - 24 = -2*k, 0 = -3*k + 4*d + 130. What is the highest common factor of 640 and k?
10
Suppose 87*k - 21*k - 3630 = 0. Let c be 4/18 - (-8906)/18. What is the highest common factor of c and k?
55
Let x be (-1)/3 + (-21)/(-9). Suppose 2*p - 5*v = 4*v + 27, 29 = 3*p - 2*v. What is the greatest common factor of p and x?
1
Let k be 3/((-63)/56)*168/32*-538. What is the highest common factor of 28 and k?
28
Let f be ((-21)/(-9))/((-294)/(-12852)). Calculate the highest common factor of 4182 and f.
102
Let t be 4/6 - (-52)/(-6). Let y be (110/t)/(1/4*-1). Suppose -100 = 50*p - y*p. Calculate the highest common factor of p and 60.
20
Suppose -380 = 5*y - j - 1290, -2*y - 5*j + 364 = 0. What is the greatest common factor of 338 and y?
26
Let w = -26 + 35. Suppose h = w*h - 296. Suppose g - 23 = h. What is the highest common factor of 40 and g?
20
Let g(f) = -2*f**3 - f**2 - 16*f - 32. Let p be g(-8). Calculate the highest common factor of p and 1232.
176
Suppose 188*n - 12 = -2*j + 192*n, -4*n + 2 = -j. Let s = 81 - 39. Calculate the greatest common divisor of j and s.
14
Let t(p) = -2*p**2 + 29*p - 36. Let r be t(13). Suppose 156 = 4*m + 4*f, -2*m + 15 = r*f - 59. Calculate the highest common divisor of 559 and m.
43
Suppose -2*v = -5*h + h + 166, 181 = 4*h + v. Let c = h - 31. Suppose -12*j - 2717 = -31*j. What is the greatest common factor of j and c?
13
Let x be 688/28 - ((-12)/(-14))/(-2). Suppose 6*l - 5800 = -2*l. Calculate the highest common factor of l and x.
25
Let f = 30854 - 28910. Calculate the highest common factor of f and 2160.
216
Let d(t) = -5*t - 24. Let f(n) = -6*n - 25. Let m(s) = 3*d(s) - 2*f(s). Let p be m(-8). Let k = 21 + p. What is the greatest common divisor of 253 and k?
23
Let m(q) = 661*q**2 - 137*q + 830. Let x be m(6). What is the greatest common divisor of 44 and x?
44
Let q = 244 - 57. Let l be 5/((-50)/(-16)) - (-20)/50. Suppose l*f - 17 = f. What is the highest common divisor of f and q?
17
Let z(q) = 20*q**2 + 14*q + 45. Suppose 17 + 8 = -5*u. Let v be z(u). Calculate the highest common factor of 25 and v.
25
Suppose -37 = 2*y - 43. Suppose -k + 12 = y*k. Suppose -2*v - 2*u + k = -23, 25 = 2*v + u. What is the highest common factor of v and 4?
4
Suppose -25*w - 3795 = 8*w. Let z be w/2*(-14)/(-140)*-4. Calculate the greatest common divisor of z and 23.
23
Let n be (6 + (-40)/30)/((-2)/(-12)). Let d be (-8)/n + 184/7. What is the greatest common factor of d and 130?
26
Suppose -5*o - 2*j = j + 4972, -5*o - 4*j - 4971 = 0. Let b be o*(-2)/55 - 6/33. Calculate the greatest common divisor of b and 27.
9
Let l = 4843 + 197. Calculate the greatest common divisor of 160 and l.
80
Let g be (-4)/32 + 8197/616 - (-6)/(-33). Calculate the highest common divisor of 12207 and g.
13
Let t(d) = -1444*d - 798. Let z be t(-5). Calculate the greatest common divisor of 76 and z.
38
Suppose -272*t + 5687 = -2473. Calculate the highest common divisor of t and 2890.
10
Suppose 2*u + 4 = 2*t, 4*u + 2*t = -0*t + 4. Suppose -7*y + y + 960 = u. Calculate the greatest common divisor of y and 10.
10
Suppose 58*t + 1414 = 62*t + 5*r, 3*t = -r + 1055. Calculate the greatest common divisor of t and 3744.
117
Let s(r) = -3 + 3*r - 6*r**2 - 2*r**2 - 4*r - r**3. Let l be s(-9). Suppose 39*d - 957 = 6*d. What is the greatest common factor of d and l?
29
Let b be 7/(-168) - (-244815)/360. Calculate the greatest common factor of b and 3128.
136
Let l(s) = 237*s - 26. Suppose 3*q - 3*u = 0, -2*q + 12 = 5*u - u. Let v be l(q). Calculate the greatest common factor of 14 and v.
14
Let f(j) = j - 7. Let s be f(12). Let l = 8 - s. Suppose -81 = -3*y + l*n, 83 = 3*y - n - 8. Calculate the highest common factor of y and 48.
16
Let p = 3 + 67. Let i be (1 - 3)/(-6 + 413/p). Calculate the highest common divisor of i and 90.
10
Let u = 24 - 3. Suppose 0 = -3*y, 5*l = l + 2*y + 160. Suppose 17*q - u*q = -l. Calculate the highest common factor of 80 and q.
10
Let n = -1216 - -1311. Calculate the highest common divisor of 85 and n.
5
Suppose 0 = 193*x - 207*x + 74256. What is the highest common factor of 52 and x?
52
Suppose 2*v = -0 - 6, 2*b - 4*v - 2100 = 0. What is the highest common factor of 116 and b?
116
Suppose -6559 + 6724 = 3*v. What is the greatest common divisor of 209 and v?
11
Suppose 2*d - 2*a = 24, -2*d - 11 = 33*a - 28*a. Let h = -2 + -51. Let c be (6 - h) + 3*-1. What is the highest common factor of d and c?
7
Suppose -3*r + 572 = 4*a, -a - 4*r - 25 = -181. Let l = a - 127. Calculate the greatest common factor of 52 and l.
13
Let j(y) = -y**2 - 12*y - 37. Let t be j(-3). Let q be 13 + (-2)/(4/t). What is the highest common factor of 423 and q?
9
Let y(g) = -2*g**3 + 46*g**2 - 72*g + 24. Let x be y(21). Suppose -2*l + 4*m + 147 = 15, -4*l + 5*m + x = 0. What is the greatest common factor of l and 370?
74
Let x be 96/(-84)*7/(-2). Suppose 5*h = -3*s + 49, -x*s + 3*h + 81 = -s. Calculate the greatest common factor of 161 and s.
23
Let i = -4 - -59. Let j(l) = -4*l - 111. Let a be j(-34). Suppose 3*n - 8*q = -6*q + 15, 5*n - a = -4*q. Calculate the highest common divisor of i and n.
5
Suppose 105*r - 3361 = -146*r + 1092254. Calculate the highest common factor of r and 90.
45
Let n(k) = 8*k**3 + 311*k**2 + 45*k - 124. Let o be n(-38). Calculate the highest common divisor of o and 42.
42
Let f be (-78)/(-15)*2625/50. What is the highest common divisor of 286 and f?
13
Let b be (-56007)/(-392) + 5/40. What is the highest common factor of b and 209?
11
Let r(o) = -296*o + 2184. Let x be r(7). Calculate the highest common divisor of 3528 and x.
56
Let u be (